 17
Suppose 5*b + 4*i - i + 10 = 0, 4*i + 23 = 3*b. Let v = b + -3. List the prime factors of 18 + v*(-3)/6.
19
Let z = -110 - -120. What are the prime factors of (1 - 4/4) + z?
2, 5
Suppose -1899 = -12*h + 3753. List the prime factors of h.
3, 157
Let c = 15 - -19. Suppose 5*b + c = f - 18, -25 = -5*b. List the prime factors of f.
7, 11
Suppose 0 = -2*l - 0*l - 6. What are the prime factors of (l/(-2))/(9/4)*102?
2, 17
Suppose -1 = 2*m - 19. Let d(n) = n - 4. Let y(i) = 5. Let g(w) = 2*d(w) + 3*y(w). List the prime factors of g(m).
5
Let g(i) = i**2 + 8*i + 3. Let d be g(-5). List the prime factors of -1 - (-184 + d/4).
2, 3, 31
Suppose -3*s + 949 = 298. Suppose -s - 77 = -3*o. List the prime factors of o.
2, 7
Let u = -3 + 5. Let v(o) = o + 3 + o**2 + 1 - u. What are the prime factors of v(6)?
2, 11
Suppose -6*p - 3*v = -3*p - 1728, -4*p + v + 2304 = 0. What are the prime factors of p?
2, 3
Let o = -45 + 11. Let v = 13 - o. What are the prime factors of v?
47
Let p(h) = 3*h - 22. Let o be p(8). What are the prime factors of -4 + (-4)/6*(-357)/o?
5, 23
Let v(x) = -5*x - 3. Let s be v(-1). Suppose s*i - 4*i = 220. Let l = i - -175. List the prime factors of l.
5, 13
Let r be ((-8)/(-3))/((-6)/9*-1). Suppose r*h = -4*p + 21 + 183, -5*p = 2*h - 264. What are the prime factors of p?
2, 3
Let l = 129 - 387. What are the prime factors of l/(-8)*(8 - 4)?
3, 43
Suppose -5*f + 2*f + 93 = 0. Let d = f + -1. List the prime factors of d.
2, 3, 5
Suppose -11*i + 12*i = n + 4155, -5*n - 4171 = -i. List the prime factors of i.
7, 593
Let s(h) = h**2 - 17*h - 17. Let a be s(18). Let n = 18 + 5. List the prime factors of n + (a - -3) - -1.
2, 7
Let f = 1725 - 800. What are the prime factors of f?
5, 37
Let v be 15/(-4) + 4 + (-3046)/(-8). Let z = -235 + v. What are the prime factors of z?
2, 73
Suppose -2*t - r + 396 - 45 = 0, 0 = -5*t - 2*r + 877. What are the prime factors of t?
5, 7
What are the prime factors of (-2)/(-4) - (27170/20)/(-11)?
2, 31
Let g(i) = -169*i - 21. List the prime factors of g(-3).
2, 3
Let l = -7 + -9. Let n(p) = -3*p + 17. List the prime factors of n(l).
5, 13
Suppose 244 = n - 20. List the prime factors of n.
2, 3, 11
Let s(v) = -20*v + 3. What are the prime factors of s(-31)?
7, 89
Suppose -5*t - 3*l = 12 + 70, 0 = 3*t + 4*l + 58. Let x(j) = -2 - 5 + j**3 + 12*j**2 + 13*j + 3*j**2. List the prime factors of x(t).
7
Let o = -34 + -190. Let m = -73 - o. List the prime factors of m.
151
Let i = -249 - -389. Let p = -13 + 17. Suppose -5*c = p*z - 145 - i, -z + 72 = 2*c. List the prime factors of z.
2, 5, 7
Let x(z) = -5*z**3 + 10*z**2 + 1 + 5 - 14*z + 6*z**3. Let a be x(-12). What are the prime factors of (-8)/6*a/4?
2, 19
Suppose y - 4*u = 2728, 2*y - 5*u - 7674 = -2224. What are the prime factors of y?
2, 5, 17
Let r be 5/(140/(-12))*-7. Let d = 12 - r. Suppose -44 = -d*m + 5*m. What are the prime factors of m?
11
Let r = 430 - -156. What are the prime factors of r?
2, 293
Let f be 173 - 8/14*63/18. Suppose r - 436 = -f. What are the prime factors of r?
5, 53
Let r = 354 - -606. List the prime factors of r.
2, 3, 5
Let y = -679 - -433. List the prime factors of y*(33/(-9) - -3).
2, 41
Let o(i) be the second derivative of 10*i**4/3 - i**3/6 + i**2/2 - 5*i. List the prime factors of o(1).
2, 5
Let y(j) = j + 4. Let a be y(13). Suppose 2*t + 48 = 4*q, 4*q - 2*t = 5*q - a. List the prime factors of q.
13
Suppose 6*u = 5*u - 9. Let m(h) = h**2 + 5*h + 13. What are the prime factors of m(u)?
7
Suppose 555 = 3*v - 3*a, -a + 1083 - 323 = 4*v. Let q = v - 82. List the prime factors of q.
107
Suppose 7*u - 54 = -2*s + 4*u, -4*s + 140 = -2*u. Suppose -4*t = 4*x + x + 125, 2*x + 5*t + s = 0. Let l = x + 43. What are the prime factors of l?
2, 7
What are the prime factors of ((-864)/162)/(2/(-1266))?
2, 211
Suppose 19 = -4*l + 27. Suppose y = -x + 116, 2*y = -l - 0. What are the prime factors of x?
3, 13
Suppose -3*f + f = -22. Let i(c) = -3*c + 13. Let y be i(f). Let m = y - -56. List the prime factors of m.
2, 3
Let w(s) = s**2 - 2*s. Suppose 4*d - 10 + 56 = -3*u, -d - 3*u - 16 = 0. List the prime factors of w(d).
2, 3, 5
Suppose 1 = -2*i + 9. Suppose 4*v = -i*d + 456, 3*d - 5*d = 4*v - 458. What are the prime factors of v?
5, 23
Let v(x) = x**2 - 7*x + 5. Let j be v(6). Let c be j - 2*-2*1. Suppose -c*s + 11 = -1. List the prime factors of s.
2
Suppose -36*n - 11*n = -24863. What are the prime factors of n?
23
Suppose -x - 364 = -2*k, -x = -4*x - 12. What are the prime factors of k?
2, 3, 5
Let n be (8/6)/((-5)/(-15)). Suppose n*v = -o + 35, -o = -3*o + v + 97. What are the prime factors of o?
47
Suppose -n = -7 + 4. List the prime factors of (-246)/(n*(-2)/3).
3, 41
Let h be 10/4 + -2 + (-2637)/(-18). Let v = 24 + h. List the prime factors of v.
3, 19
Suppose -4*s = -3*s - 5*m - 14, -8 = -s + 2*m. Suppose -f + s = -9. Let g = 9 + f. What are the prime factors of g?
2, 11
Let g = 9 - 9. Suppose -3*n + 8 = -7. Suppose -2*o = -0*o - 4*r - 48, g = -n*o - r + 98. List the prime factors of o.
2, 5
Let i(o) = o**2 + 6*o + 17. Let y(m) = -m + 7. Let q be y(-15). Suppose -2*c + 4*h - q = 0, -h + 20 = -2*c + 2*h. What are the prime factors of i(c)?
2, 3
Suppose -4*y - 17 = -1, 2*d - 3*y = 142. What are the prime factors of d?
5, 13
Suppose r = k + 27, -28 = -3*r - 2*k + 73. Let c = r - 5. List the prime factors of c.
2, 13
Let q = -148 - -142. Let w(h) = -2*h**3 - 9*h**2 - 5*h + 2. List the prime factors of w(q).
2, 5, 7
Suppose -3*i = -2*s + 78, -4*s - 4*i + 145 = -51. Let k = 144 - s. What are the prime factors of k?
3, 11
Let v be 0*(-4 + (-21)/(-6)). Suppose v = -13*a + 15*a - 4. What are the prime factors of (-1)/1 + a + 17?
2, 3
Let i = 8 + 294. List the prime factors of i.
2, 151
Suppose -3*i - 3*g = 261, 5*i - 75 = 6*i - 5*g. Let v = -47 - i. List the prime factors of v.
2, 19
Let s(t) = 32*t + 22. Let m be s(6). Let l = m - 58. List the prime factors of l.
2, 3, 13
Let n be 1276/6 - (-5)/15. Let g = -57 + n. What are the prime factors of g?
2, 3, 13
Let k(f) = 2*f**2 - 9*f + 15. Let h be k(4). Suppose -h*a + 14*a - 405 = 0. List the prime factors of a.
3, 5
Suppose -41*f + 219374 = 67100. What are the prime factors of f?
2, 3, 619
What are the prime factors of 6091/2 + 63/(-126)?
3, 5, 7, 29
Suppose 14 = -3*o - 7. Let g(c) be the third derivative of -c**6/120 - c**5/12 + 3*c**4/8 + 5*c**3/6 - 3*c**2. What are the prime factors of g(o)?
2, 5
Let q(r) = r**2 - 17*r - 173. What are the prime factors of q(-18)?
457
Suppose 3*o = 4*w + 1346, -319 = 2*o + w - 1231. What are the prime factors of o?
2, 227
Let k = 42 + -12. Suppose 270 + k = 4*r. Let s = 122 - r. List the prime factors of s.
47
Let a(f) = -f - 15. Suppose -52 - 74 = 7*v. Let y be a(v). Suppose -y*x + 9 = -36. List the prime factors of x.
3, 5
Let n = -2 + 0. Let x(y) = -22*y - 6. List the prime factors of x(n).
2, 19
Let i = 98 - 142. Let y = i - -140. Suppose -y = 3*s - 6*s. What are the prime factors of s?
2
Suppose 4*p - 4 = -2*z, -2*z + 2*p = 11 - 3. Let f be 99/22 - (-1)/z. Suppose 16 = u + l, f*u - 7 = -3*l + 54. List the prime factors of u.
13
Let r = -7 - -11. Let g(c) = 2*c**3 - 5*c**2 + 2*c + 4. What are the prime factors of g(r)?
2, 3, 5
Let h(a) = 2*a**3 - 14*a**2 + 13*a - 4. Let r be h(6). Suppose r*u - 89 = -2*q - 3*u, 0 = -5*q - u + 257. What are the prime factors of q?
2, 13
List the prime factors of (-28371)/(-6) + 5*4/(-40).
2, 3, 197
Let l(n) = 2*n**2 + 10*n - 9. Let s be l(-6). Suppose 3*c + 3 - 93 = 0. Suppose h + c = s*h. List the prime factors of h.
3, 5
Suppose -20*w + 2790 = -5*w. What are the prime factors of w?
2, 3, 31
Suppose 14 = v - 255. List the prime factors of v.
269
Let y = 823 + -469. List the prime factors of y.
2, 3, 59
Let a(b) = -5*b**2 + 2*b - 4. Let m be a(3). Let v = -6 - m. What are the prime factors of v?
37
Let d(t) = -823*t - 24. List the prime factors of d(-1).
17, 47
Suppose -5*x = -5*v + 7 + 23, 5*v + 2*x = 9. Suppose s = -2*w - 3*s + 202, -v*w + 4*s + 293 = 0. What are the prime factors of w?
3, 11
Suppose 0 = k + y - 63, -4*k - 5*y = -0*k - 256. List the prime factors of -2 + k + (-2 - -6).
61
Let t be (-9)/(-6) - 2/(-4). Suppose 2*x = -t, -7*h + 93 = -3*h + 3*x. What are the prime factors of h?
2, 3
Let f(z) = 21*z**2 - 26*z +